u - 372. Calculate t(13).
-8
Let g(i) = 6*i**3 + 71*i**2 + 47*i + 715. Determine g(-12).
7
Let w(x) = -4*x**3 - 498*x**2 + 757*x + 126. What is w(-126)?
0
Let z(b) = b**3 + 13*b**2 + 3*b - 3. Calculate z(-13).
-42
Let q(a) = -3*a**2 + 214*a + 144. Give q(72).
0
Let c(n) = -3906*n - 85926. What is c(-22)?
6
Let f(y) = -20*y + 138. Calculate f(5).
38
Let y(v) = 57*v - 7. What is y(3)?
164
Let s(k) = -27*k + 65. Calculate s(2).
11
Let t(g) = g**2 + 557*g + 34899. Give t(-72).
-21
Let j(v) = -22*v + 611. What is j(30)?
-49
Let r(l) = l**2 + 43*l - 45. Give r(1).
-1
Let u(z) = -29*z + 219. Calculate u(11).
-100
Let b(o) = -13*o - 63. Calculate b(-2).
-37
Let a(f) = f**3 - 15*f**2 + 14*f + 50. Give a(13).
-106
Let h(q) = -12*q**3 - 168*q**2 + 7*q + 124. What is h(-14)?
26
Let v(k) = 89*k**2 + 10*k + 13. Give v(-1).
92
Let q(o) = 10*o**2 + 2651*o + 253. Give q(-265).
-12
Let f(b) = 5*b**2 + 28*b + 66. Determine f(-9).
219
Let m(g) = -20*g**3 + 210*g**2 - 100*g - 5. Calculate m(10).
-5
Let v(g) = 43*g + 8687. Give v(-201).
44
Let y(u) = -2636*u + 28995. Determine y(11).
-1
Let a(g) = -g**2 - 342*g - 15543. Calculate a(-54).
9
Let f(a) = 27*a + 794. What is f(-31)?
-43
Let r(y) = -830*y - 1660. Determine r(-2).
0
Let j(l) = -14*l**2 - 17*l + 1. What is j(-1)?
4
Let i(h) = -35*h - 599. Calculate i(-17).
-4
Let p(r) = 13*r**2 - 522*r - 450. Calculate p(41).
1
Let x(c) = c**2 - 16*c + 95. Give x(9).
32
Let g(q) = -q**3 + 2*q**2 - 2*q - 94. What is g(0)?
-94
Let n(s) = s**2 - 278*s + 113. What is n(0)?
113
Let h(t) = -4*t**2 - 76*t + 33. Determine h(-15).
273
Let b(t) = -4476*t - 4474. Calculate b(-1).
2
Let i(z) = 40*z + 6559. Determine i(-164).
-1
Let d(q) = -q**3 - 16*q**2 - 61*q - 23. Give d(-7).
-37
Let i(y) = 2*y**2 + 20*y - 244. Calculate i(7).
-6
Let z(r) = -r**2 - 77*r - 316. Give z(-73).
-24
Let g(c) = -252*c**2 + 787*c + 8. What is g(3)?
101
Let b(p) = -30*p + 74. What is b(3)?
-16
Let o(m) = 12*m**3 - 419*m**2 - 3*m - 1117. Give o(35).
3
Let m(g) = 3*g**3 - 143*g**2 + 95*g - 27. Calculate m(47).
20
Let w(k) = -2*k**3 + 14*k**2 - 12*k - 121. Give w(6).
-121
Let t(y) = 617*y + 6780. Give t(-11).
-7
Let o(m) = -78*m**2 - 2*m + 1. Determine o(2).
-315
Let n(l) = l**3 + 106*l**2 - 7802*l - 326. Determine n(-156).
-14
Let p(w) = 182*w - 183. Determine p(1).
-1
Let i(j) = -j**3 - 10*j**2 + 135*j + 57. What is i(-17)?
-215
Let h(c) = -30*c - 113. What is h(-8)?
127
Let c(q) = q**3 + 3*q**2 + 14*q - 113. What is c(6)?
295
Let l(s) = 5*s**2 - 528*s + 262. Calculate l(105).
-53
Let t(z) = -2*z**2 - 82*z - 658. Determine t(-30).
2
Let f(n) = 195*n - 23997. Calculate f(123).
-12
Let a(p) = -228*p**2 + 3648*p + 17. Calculate a(16).
17
Let x(c) = -c**3 + 19*c**2 + 33*c + 191. What is x(21)?
2
Let q(r) = -10*r**2 - 669*r - 1866. Determine q(-64).
-10
Let k(c) = c**3 + 15*c**2 + 45*c - 1. What is k(-9)?
80
Let u(c) = -c**3 - 4*c**2 + 49*c + 218. Calculate u(-4).
22
Let t(d) = 112*d - 134. What is t(-1)?
-246
Let x(r) = -2*r**3 + 38*r**2 - 121*r + 23. Give x(15).
8
Let p(y) = 45*y**2 - 296*y + 145. Determine p(6).
-11
Let d(b) = -16*b**2 + 20*b - 101. Calculate d(5).
-401
Let l(n) = -3*n**2 - 1409*n + 2815. Give l(2).
-15
Let d(w) = w**2 + 64*w + 838. What is d(-21)?
-65
Let k(q) = 11*q**3 + 3*q**2 + 6*q + 10. What is k(-2)?
-78
Let m(z) = 98*z**3 + 591*z**2 + 13*z - 30. What is m(-6)?
0
Let c(x) = x**3 + 3*x**2 - 46*x + 87. Determine c(3).
3
Let s(l) = -16*l + 67. Calculate s(38).
-541
Let z(j) = 761*j - 15228. Give z(20).
-8
Let i(g) = -g**3 + 315*g**2 + 79*g - 123396. Give i(314).
6
Let o(r) = 2*r + 25. Calculate o(-1).
23
Let v(d) = d**3 + 25*d**2 - 420*d - 861. What is v(-36)?
3
Let m(t) = -640*t + 1228. Determine m(2).
-52
Let i(c) = -97*c + 48. Calculate i(0).
48
Let n(h) = h**3 + 93*h**2 - 490*h + 4. Calculate n(-98).
4
Let d(x) = 144*x - 590. What is d(4)?
-14
Let j(a) = -a**3 - 24*a**2 + 43*a + 467. Calculate j(-25).
17
Let v(p) = -1508*p + 9033. Calculate v(6).
-15
Let m(w) = -2*w**2 + 43*w - 206. What is m(6)?
-20
Let d(r) = 85*r**2 + 11*r + 23. What is d(-2)?
341
Let a(k) = 14*k - 543. Give a(38).
-11
Let a(i) = 56*i - 3026. Give a(54).
-2
Let x(m) = 186*m + 1687. Give x(-9).
13
Let t(u) = u**3 - 19*u**2 - 44*u + 47. Determine t(23).
1151
Let a(p) = p**2 - 79*p - 491. Give a(84).
-71
Let k(a) = 3*a**2 - 1701*a + 8445. Give k(5).
15
Let u(o) = -30*o**3 - 3*o**2 - 8*o - 6. Calculate u(-1).
29
Let h(l) = 112*l**2 + 93*l + 4. Give h(-1).
23
Let j(t) = 4234*t + 25411. Determine j(-6).
7
Let t(c) = -2*c**2 - 50*c + 47. What is t(-27)?
-61
Let b(p) = 2*p**2 - 39*p + 106. What is b(15)?
-29
Let f(s) = 13*s**2 - 141*s - 350. Give f(13).
14
Let q(p) = 4322*p - 30265. Calculate q(7).
-11
Let r(z) = 335*z - 5723. Calculate r(17).
-28
Let c(f) = -2*f**3 - 17*f**2 + 91*f + 47. What is c(-12)?
-37
Let c(l) = -10*l**3 - 9*l**2 + 2. Calculate c(-3).
191
Let d(n) = -3*n**3 - 41*n**2 + 338*n + 4530. Give d(-14).
-6
Let n(x) = -x**3 + 24*x**2 - 28*x - 320. Determine n(22).
32
Let h(n) = -2*n**3 - 79*n**2 - 41*n - 126. Determine h(-39).
-48
Let h(r) = -r**2 - 91*r + 1843. What is h(17)?
7
Let z(n) = 2134*n - 4264. Calculate z(2).
4
Let i(l) = -172*l + 2937. Calculate i(17).
13
Let h(a) = -a**2 + 38*a + 996. Give h(-18).
-12
Let i(t) = -183*t**2 + 8*t + 9. Calculate i(-1).
-182
Let u(h) = -h**3 + 65*h**2 + 219*h + 3920. What is u(69)?
-13
Let k(u) = 22*u**2 + 58*u + 83. Determine k(-2).
55
Let h(o) = -172*o - 1018. Calculate h(-6).
14
Let h(f) = -f**3 - 21*f**2 - 16*f + 68. Determine h(-20).
-12
Let i(x) = -52*x - 181. What is i(-4)?
27
Let r(q) = 14*q**2 + 337*q + 49. Determine r(-24).
25
Let g(w) = -24*w + 88. What is g(2)?
40
Let j(t) = t**3 + 22*t**2 + 55*t - 519. Calculate j(-17).
-9
Let v(b) = -13*b - 879. Determine v(-57).
-138
Let m(h) = 445*h - 1787. Determine m(4).
-7
Let w(p) = -3*p**2 - 219*p - 3193. What is w(-53)?
-13
Let p(s) = -s**2 - 107*s - 2606. Calculate p(-70).
-16
Let x(r) = -221*r + 914. Determine x(5).
-191
Let b(y) = 5*y**3 + 2*y**2 + 9*y - 42. Determine b(0).
-42
Let v(w) = -29*w - 90. What is v(5)?
-235
Let m(n) = -n**3 - 42*n**2 - 47*n + 224. Give m(-41).
470
Let s(l) = 222*l + 4004. What is s(-18)?
8
Let d(s) = -s**2 + 101*s + 4601. Give d(-34).
11
Let f(z) = -79*z + 293. Calculate f(4).
-23
Let y(v) = -9*v**3 + 247*v**2 - 113*v + 111. Calculate y(27).
-24
Let u(r) = -r**2 - 26*r - 36. What is u(-16)?
124
Let h(w) = -39*w**2 + 13*w - 31. Determine h(4).
-603
Let q(p) = -2*p**3 - 39*p**2 - 150*p + 30. What is q(-14)?
-26
Let m(n) = n**2 + 99*n + 1622. Give m(-79).
42
Let g(t) = t**2 + 14*t - 15. Calculate g(-9).
-60
Let g(h) = 9*h**2 - 136*h + 127. Calculate g(13).
-120
Let m(j) = j**3 - 16*j**2 - 80*j + 440. Determine m(19).
3
Let c(k) = 15*k**2 + 2920*k - 3933. Give c(-196).
-13
Let o(h) = -103*h - 483. Determine o(-5).
32
Let m(k) = 2*k**2 + 37*k - 100. Determine m(-23).
107
Let r(x) = -19703*x - 59115. What is r(-3)?
-6
Let h(s) = -s**3 + s**2 - 2*s + 6. What is h(-3)?
48
Let u(v) = -v**2 - 375*v + 2. Determine u(0).
2
Let l(y) = y**3 + y**2 + 15*y - 16. What is l(1)?
1
Let t(g) = -7*g**2 - 57*g + 7. What is t(-8)?
15
Let m(c) = -c**3 + 10*c**2 - 28*c + 19. Give m(4).
3
Let b(y) = -y**2 - 55*y - 80. What is b(-55)?
-80
Let d(v) = 82*v - 242. What is d(6)?
250
Let s(q) = -22*q**2 + 290*q - 55. What is s(13)?
-3
Let m(y) = 2*y**3 + 150*y**2 + 10*y + 601. Give m(-75).
-149
Let v(a) = -4*a**2 - 36*a - 106. Calculate v(-11).
-194
Let s(q) = -3*q**3 - 14*q**2 - 34*q + 8. What is s(-3)?
65
Let t(b) = b**2 - 16*b - 178. What is t(26)?
82
Let y(s) = 18*s**3 - 2*s**2 + 7*s - 8. What is y(2)?
142
Let t(p) = 2*p**2 + 87*p + 942. Give t(-25).
17
Let i(o) = 13*o - 46. Determine i(7).
45
Let t(v) = -9335*v + 4. Determine t(0).
4
Let l(z) = 86*z - 774. Give l(9).
0
Let x(w) = 2*w**2 - 217*w - 3532. Determine x(123).
35
Let f(b) = -2*b**3 + 15*b**2 + 8*b. Calculate f(8).
0
Let b(a) = -72*a - 73. Determine b(3).
-289
Let r(v) = v**2 - 18*v - 257. Determine r(-10).
23
Let h(p) = 231*p - 6481. Give h(28).
-13
Let a(n) = -92*n**2 - 79*n + 80. Calculate a(1).
-91
Let z(t) = 214*t - 635. Calculate z(3).
7
Let j(d) = 29*d**2 - 11*d + 3. Give j(-1).
43
Let p(k) = 20*k**2 + 3214*k - 962. What is p(-161)?
4
Let g(w) = 90*w**2 + 1346*w - 17. Calculate g(-15).
43